ivisor of 9639 and 111615?
21
What is the highest common divisor of 37138 and 18662?
62
What is the highest common factor of 9294567 and 48981?
1689
What is the greatest common divisor of 40 and 243298840?
40
Calculate the greatest common divisor of 12525 and 14200275.
75
Calculate the greatest common divisor of 85747991 and 49.
49
What is the greatest common factor of 108161473 and 7?
7
What is the highest common factor of 23958893 and 12397?
1127
What is the highest common factor of 559975137 and 573?
573
What is the highest common factor of 19 and 6813458?
1
What is the highest common divisor of 14017923 and 324?
9
What is the highest common divisor of 8051112 and 4608?
72
Calculate the greatest common factor of 552 and 109431332.
92
Calculate the greatest common factor of 102836796 and 1116.
372
What is the greatest common factor of 721496 and 5872?
8
Calculate the highest common divisor of 10 and 14605502.
2
Calculate the greatest common divisor of 758646 and 409212.
486
What is the greatest common divisor of 40277276 and 1481?
1481
Calculate the greatest common factor of 4495 and 17084451.
29
Calculate the greatest common factor of 189 and 5296263.
21
Calculate the greatest common divisor of 270 and 7203510.
90
Calculate the greatest common factor of 55350 and 24.
6
What is the greatest common factor of 1473715053 and 4019?
4019
Calculate the highest common divisor of 3484 and 50115598.
1742
What is the highest common factor of 128915 and 75785?
115
Calculate the highest common factor of 72837067 and 406.
29
What is the highest common factor of 2166 and 85918?
722
What is the greatest common factor of 280 and 74670820?
140
What is the highest common divisor of 193137534 and 648?
162
What is the highest common divisor of 491525500 and 20?
20
Calculate the highest common divisor of 1706 and 22822015.
853
Calculate the highest common divisor of 2 and 374141.
1
What is the highest common divisor of 44820187 and 47?
47
Calculate the greatest common factor of 133 and 95589.
19
What is the greatest common divisor of 9519727 and 7?
7
Calculate the highest common factor of 1921848 and 744.
24
What is the greatest common divisor of 34079 and 153677?
643
What is the highest common divisor of 43600 and 8115200?
400
Calculate the highest common factor of 84348 and 1344.
12
What is the highest common divisor of 1036 and 27333047?
259
What is the highest common factor of 2945952 and 4452?
636
What is the greatest common factor of 7491 and 20568243?
681
What is the highest common divisor of 8976 and 4588980?
2244
Calculate the highest common factor of 659975 and 800.
25
Calculate the highest common factor of 2574844 and 628.
4
What is the highest common factor of 18660 and 10280?
20
Calculate the greatest common divisor of 1312744 and 72.
8
What is the highest common factor of 144172 and 642812?
1084
What is the greatest common divisor of 11060 and 293594?
14
Calculate the highest common factor of 32428 and 117876.
44
What is the greatest common divisor of 133600 and 46562272?
5344
Calculate the greatest common factor of 9657 and 21064005.
261
Calculate the greatest common divisor of 41401152 and 133.
19
Calculate the highest common factor of 331829 and 772943.
1987
What is the greatest common factor of 287324 and 962252?
436
What is the greatest common divisor of 28240291 and 1306?
653
What is the greatest common divisor of 2588196 and 4173?
39
Calculate the highest common divisor of 94226 and 4686.
22
Calculate the highest common factor of 2493404 and 48.
4
What is the greatest common factor of 4081620 and 30?
30
Calculate the highest common factor of 190161 and 7992.
27
What is the greatest common factor of 1433829 and 209667?
141
Calculate the highest common divisor of 93200814 and 361.
361
What is the greatest common divisor of 1252 and 228?
4
Calculate the greatest common factor of 84757952 and 3712.
1856
What is the greatest common factor of 16 and 34489568?
16
Calculate the greatest common factor of 6940445 and 15.
5
Calculate the greatest common factor of 17096 and 62002918.
4274
Calculate the highest common divisor of 34792062 and 2.
2
What is the highest common divisor of 51313 and 108445?
529
Calculate the greatest common divisor of 123 and 230937953.
41
What is the highest common divisor of 434 and 18049409?
217
What is the highest common factor of 1224 and 5582392?
136
What is the greatest common factor of 19904 and 1026611?
311
Calculate the highest common factor of 50632800 and 3995.
85
What is the greatest common divisor of 297 and 16672986?
297
What is the greatest common divisor of 1962336271 and 343?
343
What is the highest common factor of 7 and 340311902?
7
Calculate the greatest common divisor of 3708342 and 16038.
1782
Calculate the highest common divisor of 55321 and 423017.
49
Calculate the highest common divisor of 12 and 45329358.
6
What is the highest common divisor of 1490192 and 15070?
22
Calculate the greatest common divisor of 7654 and 56846.
86
What is the greatest common factor of 61578751 and 207?
23
What is the highest common divisor of 399620 and 85550?
290
What is the highest common divisor of 97933 and 363341?
319
Calculate the highest common factor of 5606230 and 423934.
3962
What is the greatest common factor of 1820 and 91265160?
140
What is the highest common factor of 74210832 and 1338?
1338
Calculate the highest common divisor of 5095874 and 20110.
4022
What is the greatest common divisor of 3403 and 7246873?
41
Calculate the highest common divisor of 39 and 13753623.
39
Calculate the greatest common factor of 52998 and 27229.
73
What is the greatest common factor of 2393662 and 46?
2
What is the greatest common factor of 6171407 and 957?
11
What is the greatest common divisor of 2883 and 220091103?
2883
What is the highest common factor of 8916954 and 5823?
1941
Calculate the highest common divisor of 22936437 and 81.
9
What is the greatest common factor of 25824 and 667389?
807
What is the greatest common divisor of 116450 and 22593?
17
What is the highest common divisor of 14329 and 7900263?
623
Calculate the highest common divisor of 34242897 and 234.
39
What is the greatest common divisor of 140 and 4009660?
20
Calculate the highest common factor of 3096555 and 9065.
245
What is the highest common divisor of 120 and 183459810?
30
What is the greatest common factor of 442 and 398098?
2
What is the greatest common factor of 20971 and 86701?
313
Calculate the highest common factor of 17403949 and 1591.
1591
What is the greatest common divisor of 8377400 and 120?
40
What is the highest common divisor of 8176 and 15594320?
112
What is the greatest common divisor of 351084 and 2040?
204
What is the greatest common divisor of 2378 and 36047?
29
What is the highest common divisor of 95671968 and 144?
48
What is the highest common divisor of 119181933 and 156?
39
What is the greatest common factor of 14118 and 105690?
78
Calculate the highest common divisor of 324735837 and 21591.
7197
Calculate the greatest common factor of 156 and 406921320.
156
What is the greatest common factor of 24256 and 540284208?
6064
What is the highest common factor of 22519195 and 15?
5
What is the highest common divisor of 4740406693 and 11?
11
Calculate the highest common factor of 6414363 and 1998.
27
Calculate the greatest common factor of 131894360 and 13520.
6760
Calculate the greatest common divisor of 104410 and 1899277.
197
Calculate the highest common divisor of 530348 and 150071.
1457
Calculate the highest common factor of 1129200 and 3136.
16
Calculate the highest common divisor of 6 and 1434842142.
6
Calculate the highest common factor of 62 and 452866.
2
What is the greatest common divisor of 1866665 and 65627?
31
What is the greatest common factor of 2418123619 and 362?
181
What is the greatest common factor of 11266536 and 3?
3
Calculate the highest common factor of 11720 and 43735.
5
What is the highest common divisor of 13769984 and 304?
304
What is the highest common divisor of 24 and 71207112?
24
Calculate the highest common divisor of 314 and 599194.
2
What is the greatest common factor of 1389052 and 14602?
98
Calculate the highest common factor of 3381 and 4718343.
21
Calculate the greatest common divisor 